{"id":162,"date":"2018-12-04T17:05:23","date_gmt":"2018-12-04T15:05:23","guid":{"rendered":"https:\/\/vatlakool.ee\/?page_id=162"},"modified":"2018-12-04T18:39:45","modified_gmt":"2018-12-04T16:39:45","slug":"lennud-31-40-1957-1967","status":"publish","type":"page","link":"https:\/\/vatlakool.ee\/?page_id=162","title":{"rendered":"Lennud 31-40, 1957-1967"},"content":{"rendered":"<p><strong>Lend 31, 1957<\/strong><\/p>\n<p>Auv\u00e4\u00e4rt, Silvia<br \/>\nEiland, Uuno<br \/>\nEljandi, Elje<br \/>\nKallas, Aivo<br \/>\nLehtmets, Mati<br \/>\nLobjakas, Linda<br \/>\nMetsis, Evi<br \/>\nM\u00e4nd, Enn<br \/>\nN\u00f5mmem\u00e4gi, Jaan<br \/>\nP\u00f5hako, Uno<br \/>\nRiismaa, Paul<br \/>\nRoosipuu, Maimi<br \/>\nOst, Maks<br \/>\nSorts, Aino<br \/>\nTui, Sirje<br \/>\nTui, Viivi<br \/>\nVamper, Milvi<\/p>\n<p><strong>Lend 32, 1958<\/strong><\/p>\n<p>Eiland, Ivi<br \/>\nElmers, Aari<br \/>\nHinsberg, Helju<br \/>\nH\u00f5besalu, Aili<br \/>\nKalm, Silvia<br \/>\nLaev, Aivo<br \/>\nLaev, Hilje<br \/>\nL\u00fcllmaa, \u00d5ie<br \/>\nNoor, \u00dclo<br \/>\nPoller, Aimi<br \/>\nRannala, Tiia<br \/>\nSaidla, Aime<br \/>\nVamper, Silvi<\/p>\n<p><strong>Lend 33, 1959<\/strong><\/p>\n<p>Kallas, Mati<br \/>\nKannel, Liilia<br \/>\nKepp, Kalju<br \/>\nKohava, Taimi<br \/>\nKorju, Anne<br \/>\nLaev, Hans<br \/>\nLaev, Leili<br \/>\nLahe, Salme<br \/>\nLiivam\u00e4gi, Hilja<br \/>\nLuha\u00e4\u00e4r, Ellen<br \/>\nOrulepa, Tiit<br \/>\nRistikivi, Aili<br \/>\nSalmisto, Hilda<br \/>\nTui, Arvo<br \/>\nVainu, Eha-Maie<br \/>\nViikmaa, Helgi<br \/>\nViikmann, Einar<\/p>\n<p><strong>Lend 34, 1960<\/strong><\/p>\n<p>Elmers, Eduard<br \/>\nEnno, Elle<br \/>\nHeinluht, Ellen<br \/>\nKoppel, Tiiu<br \/>\nLobjakas, Laine<br \/>\nManakin, Peeter<br \/>\nOrulepa, Priit<br \/>\nPihelgas, Viktor<br \/>\nPoolgas, Lydia<br \/>\nReeder, Elvi<br \/>\nVainu, Aili<br \/>\nVoogla, Aino<\/p>\n<p><strong>Lend 35, 1961<\/strong><\/p>\n<p>Kohava, Rein<br \/>\nKuusek\u00e4nd, Heini<br \/>\nLuha\u00e4\u00e4r, Milvi<br \/>\nPoolgas, Linda<br \/>\nRistikivi, Inda<br \/>\nToomingas, \u00c4rni<br \/>\nT\u00e4ht, Illar<br \/>\nVainu, Mart<\/p>\n<p><em><strong>1962 \u00fcleminek 8. klassilisele koolikohustusele, l\u00f5petajaid ei ole\u00a0<\/strong><\/em><\/p>\n<p><strong>Lend 36, 1963<\/strong><\/p>\n<p>J\u00f5ekallas, Kalju<br \/>\nKoppel, Raivo<br \/>\nL\u00fcllmaa, Ivi<br \/>\nNiineorg, Rein<br \/>\nPere, Ivi<br \/>\nPihelgas, Aarne<br \/>\nRohi, Valdur<br \/>\nValberg, Alma<\/p>\n<p><strong>Lend 37, 1964<\/strong><\/p>\n<p>Kesk\u00fcla, Arne<br \/>\nLahe, Rein<br \/>\nM\u00e4rk, Malle<br \/>\nOts, Ester<br \/>\nOts, Sirje<br \/>\nRemmelgas, \u00dclle<br \/>\nRoog, \u00dclo<br \/>\nViipsi, Helje<\/p>\n<p><strong>Lend 38, 1965<\/strong><\/p>\n<p>Kallas, Esta<br \/>\nLehiste, Endel<br \/>\nLuhamaa, Eeri<br \/>\nLuha\u00e4\u00e4r, Helju<br \/>\nNoormets, Avo<br \/>\nPere, Maie<br \/>\nToomenurm, Arvo<br \/>\nVeltri, Lya<br \/>\nVoogla, Aime<\/p>\n<p><strong>Lend 39, 1966<\/strong><\/p>\n<p>Heinmaa, Silvi<br \/>\nKoorm, Lehte<br \/>\nLobjakas, Toivo<br \/>\nMerila, Viia<br \/>\nPihelgas, Juta<\/p>\n<p><strong>Lend 40, 1967<\/strong><\/p>\n<p>Borovik, Else<br \/>\nElmers, Mati<br \/>\nGuljajev, Ivan<br \/>\nKipper, Malle<br \/>\nTui, Saale<\/p>\n<p>&nbsp;<\/p>\n<p>&nbsp;<\/p>\n<p>&nbsp;<\/p>\n","protected":false},"excerpt":{"rendered":"<p>Lend 31, 1957 Auv\u00e4\u00e4rt, Silvia Eiland, Uuno Eljandi, Elje Kallas, Aivo Lehtmets, Mati Lobjakas, Linda Metsis, Evi M\u00e4nd, Enn N\u00f5mmem\u00e4gi, Jaan P\u00f5hako, Uno Riismaa, Paul Roosipuu, Maimi Ost, Maks Sorts, Aino Tui, Sirje Tui, Viivi Vamper, Milvi Lend 32, 1958 Eiland, Ivi Elmers, Aari Hinsberg, Helju H\u00f5besalu, Aili Kalm, Silvia Laev, Aivo Laev, Hilje L\u00fcllmaa, &hellip; <\/p>\n<p class=\"link-more\"><a href=\"https:\/\/vatlakool.ee\/?page_id=162\" class=\"more-link\">Continue reading<span class=\"screen-reader-text\"> &#8220;Lennud 31-40, 1957-1967&#8221;<\/span><\/a><\/p>\n","protected":false},"author":2,"featured_media":0,"parent":0,"menu_order":0,"comment_status":"closed","ping_status":"closed","template":"","meta":{"footnotes":""},"class_list":["post-162","page","type-page","status-publish","hentry"],"_links":{"self":[{"href":"https:\/\/vatlakool.ee\/index.php?rest_route=\/wp\/v2\/pages\/162","targetHints":{"allow":["GET"]}}],"collection":[{"href":"https:\/\/vatlakool.ee\/index.php?rest_route=\/wp\/v2\/pages"}],"about":[{"href":"https:\/\/vatlakool.ee\/index.php?rest_route=\/wp\/v2\/types\/page"}],"author":[{"embeddable":true,"href":"https:\/\/vatlakool.ee\/index.php?rest_route=\/wp\/v2\/users\/2"}],"replies":[{"embeddable":true,"href":"https:\/\/vatlakool.ee\/index.php?rest_route=%2Fwp%2Fv2%2Fcomments&post=162"}],"version-history":[{"count":3,"href":"https:\/\/vatlakool.ee\/index.php?rest_route=\/wp\/v2\/pages\/162\/revisions"}],"predecessor-version":[{"id":188,"href":"https:\/\/vatlakool.ee\/index.php?rest_route=\/wp\/v2\/pages\/162\/revisions\/188"}],"wp:attachment":[{"href":"https:\/\/vatlakool.ee\/index.php?rest_route=%2Fwp%2Fv2%2Fmedia&parent=162"}],"curies":[{"name":"wp","href":"https:\/\/api.w.org\/{rel}","templated":true}]}}