{"id":163,"date":"2018-12-04T17:05:23","date_gmt":"2018-12-04T15:05:23","guid":{"rendered":"https:\/\/vatlakool.ee\/?page_id=163"},"modified":"2018-12-04T18:45:50","modified_gmt":"2018-12-04T16:45:50","slug":"lennud-41-50-1968-1977","status":"publish","type":"page","link":"https:\/\/vatlakool.ee\/?page_id=163","title":{"rendered":"Lennud 41-50, 1968-1977"},"content":{"rendered":"<p><strong>Lend 41, 1968<\/strong><\/p>\n<p>Kasemaa, Arne<br \/>\nKessel, Sirje<br \/>\nKruus, J\u00fcri<br \/>\nKuusek\u00e4nd, Sirje<br \/>\nLobjakas, Aivo<br \/>\nMarkus, \u00dclle<br \/>\nPihelgas, Lea<br \/>\nPukk, Anti<br \/>\nRohi, Saima<br \/>\nSavimaa, Maie<br \/>\nVeldt, Vello<br \/>\nVeltri, Jaan<\/p>\n<p><strong>Lend 42, 1969<\/strong><\/p>\n<p>Ilusmets, Ene<br \/>\nKruusim\u00e4gi, Vello<br \/>\nLaev, Lembit<br \/>\nRoosaar, Evi<br \/>\nViipsi, Malle<br \/>\nVjatkin, Aleksander<\/p>\n<p><strong>Lend 43, 1970<\/strong><\/p>\n<p>Alasi, Liia<br \/>\nBrandt, Kalju<br \/>\nJ\u00f5gi, Argo<br \/>\nJ\u00f5gi, Siivi<br \/>\nKarotoom, Mati<br \/>\nKask, Ilmar<br \/>\nKipper, Enn<br \/>\nKivim\u00e4e, \u00d5ie<br \/>\nLobjakas, Raivo<br \/>\nMerila, Jaan<br \/>\nMetsa\u00e4\u00e4r, Heiki<br \/>\nPauts, Aime<br \/>\nPihelgas, Harri<br \/>\nReeder, Evi<br \/>\nT\u00fc\u00fcr, Anne<br \/>\nT\u00fc\u00fcr, T\u00f5nu<br \/>\nVainu, \u00dclle<br \/>\nVeltri, Ilmi<\/p>\n<p><strong>Lend 44, 1971<\/strong><\/p>\n<p>J\u00f5gi, Erika<br \/>\nLaev, Liia<br \/>\nLaev, Urve<br \/>\nLobjakas, J\u00fcri<br \/>\nMerev\u00e4li, Neeme<br \/>\nN\u00f5mm, \u00dclle<br \/>\nRing, Aivo<br \/>\nPuusepp, Enn<\/p>\n<p><strong>Lend 45, 1972<\/strong><\/p>\n<p>Aidberg, Lemmi<br \/>\nKaevand, Andres<br \/>\nKesk\u00fcla, Mihkel<br \/>\nLumeste, Ago<br \/>\nMetsa\u00e4\u00e4r, Aita<br \/>\nReeder, Silvi<br \/>\nSammal, Kalle<br \/>\nS\u00e4de, Veinard<br \/>\nTamm, Edvi<br \/>\nToomla, Urmas<br \/>\nVeldt, Viive<br \/>\nViikman, Mart<\/p>\n<p><strong>Lend 46, 1973<\/strong><\/p>\n<p>Baarth, Jaan<br \/>\nKepp, Hillar<br \/>\nLaev, Helme<br \/>\nLaev, Priit<br \/>\nLeibur, Valeri<br \/>\nLobjakas, Raimond<br \/>\nMetsa\u00e4\u00e4r, Tiit<br \/>\nM\u00e4nnilaan, Eeri<br \/>\nP\u00f5hako, Erko<br \/>\nP\u00f5ldaru, Elve<br \/>\nRannakivi, Meelik<br \/>\nRannakivi, Vello<br \/>\nRoosaar, Marje<br \/>\nR\u00e4ndur, Kaupo<br \/>\nVaino, Endel<\/p>\n<p><strong>Lend 47, 1974<\/strong><\/p>\n<p>J\u00f5gimets, Hans<br \/>\nKaja, Maire<br \/>\nKallas, Aimar<br \/>\nKiirats, Aili<br \/>\nLiiv, Aimar<br \/>\nLobjakas, Haimar<br \/>\nM\u00e4rk, Luule<br \/>\nNoor, Uno<br \/>\nN\u00f5mm, Malle<br \/>\nN\u00f5upuu, Taivo<br \/>\nPukk, Tiit<br \/>\nP\u00f5hako, Maive<br \/>\nRing, Kaimo<br \/>\nVainola, Jaan<br \/>\nViikmann, Rein<\/p>\n<p><strong>Lend 48, 1975<\/strong><\/p>\n<p>Brandt, Aino<br \/>\nIlm, Aimar<br \/>\nIlves, Priit<br \/>\nKaja, Anne<br \/>\nKesk\u00fcla, Helje<br \/>\nKuusek\u00e4nd, Arved<br \/>\nLaev, Elle<br \/>\nLiiv, Nele<br \/>\nLobjakas, Arvi<br \/>\nMetsa\u00e4\u00e4r, Villy<br \/>\nRistikivi, Urmas<br \/>\nRoosipuu, \u00d5ie<br \/>\nVainu, Aare<br \/>\nVister, Enn<\/p>\n<p><strong>Lend 49, 1976<\/strong><\/p>\n<p>Aas, Anne<br \/>\nKabanen, Taimi<br \/>\nLats, Elviira<br \/>\nLeibur, Tamara<br \/>\nLobja, Heldur<br \/>\nMetsa\u00e4\u00e4r, Arvo<br \/>\nSoomets, Mihkel<br \/>\nTamm, Eve<br \/>\nVaino, Inda<br \/>\nVister, Luule<\/p>\n<p><strong>Lend 50, 1977<\/strong><\/p>\n<p>Baarth, Maimu<br \/>\nKaja, Leili<br \/>\nKasenurm, Ilme<br \/>\nM\u00e4nd, Marika<br \/>\nPikla, Terje<br \/>\nRaid, Mati<br \/>\nSoomre, Viljard<br \/>\nToomla, Tiina<br \/>\n\u00d5is, Toomas<\/p>\n","protected":false},"excerpt":{"rendered":"<p>Lend 41, 1968 Kasemaa, Arne Kessel, Sirje Kruus, J\u00fcri Kuusek\u00e4nd, Sirje Lobjakas, Aivo Markus, \u00dclle Pihelgas, Lea Pukk, Anti Rohi, Saima Savimaa, Maie Veldt, Vello Veltri, Jaan Lend 42, 1969 Ilusmets, Ene Kruusim\u00e4gi, Vello Laev, Lembit Roosaar, Evi Viipsi, Malle Vjatkin, Aleksander Lend 43, 1970 Alasi, Liia Brandt, Kalju J\u00f5gi, Argo J\u00f5gi, Siivi Karotoom, Mati &hellip; <\/p>\n<p class=\"link-more\"><a href=\"https:\/\/vatlakool.ee\/?page_id=163\" class=\"more-link\">Continue reading<span class=\"screen-reader-text\"> &#8220;Lennud 41-50, 1968-1977&#8221;<\/span><\/a><\/p>\n","protected":false},"author":2,"featured_media":0,"parent":0,"menu_order":0,"comment_status":"closed","ping_status":"closed","template":"","meta":{"footnotes":""},"class_list":["post-163","page","type-page","status-publish","hentry"],"_links":{"self":[{"href":"https:\/\/vatlakool.ee\/index.php?rest_route=\/wp\/v2\/pages\/163","targetHints":{"allow":["GET"]}}],"collection":[{"href":"https:\/\/vatlakool.ee\/index.php?rest_route=\/wp\/v2\/pages"}],"about":[{"href":"https:\/\/vatlakool.ee\/index.php?rest_route=\/wp\/v2\/types\/page"}],"author":[{"embeddable":true,"href":"https:\/\/vatlakool.ee\/index.php?rest_route=\/wp\/v2\/users\/2"}],"replies":[{"embeddable":true,"href":"https:\/\/vatlakool.ee\/index.php?rest_route=%2Fwp%2Fv2%2Fcomments&post=163"}],"version-history":[{"count":3,"href":"https:\/\/vatlakool.ee\/index.php?rest_route=\/wp\/v2\/pages\/163\/revisions"}],"predecessor-version":[{"id":190,"href":"https:\/\/vatlakool.ee\/index.php?rest_route=\/wp\/v2\/pages\/163\/revisions\/190"}],"wp:attachment":[{"href":"https:\/\/vatlakool.ee\/index.php?rest_route=%2Fwp%2Fv2%2Fmedia&parent=163"}],"curies":[{"name":"wp","href":"https:\/\/api.w.org\/{rel}","templated":true}]}}