{"id":177,"date":"2018-12-04T18:23:50","date_gmt":"2018-12-04T16:23:50","guid":{"rendered":"https:\/\/vatlakool.ee\/?page_id=177"},"modified":"2018-12-04T19:06:37","modified_gmt":"2018-12-04T17:06:37","slug":"lennud-71-80-1998-2007","status":"publish","type":"page","link":"https:\/\/vatlakool.ee\/?page_id=177","title":{"rendered":"Lennud 71-80, 1998-2007"},"content":{"rendered":"<p><strong>Lend 71, 1998<\/strong><\/p>\n<p>Alberg, Rando<br \/>\nBergmann, Illimar<br \/>\nJairus, Triinu<br \/>\nKannel, Katrin<br \/>\nKukk, Kadri<br \/>\nLepmaa, Mirjam<br \/>\nM\u00e4nnilaan, Eemeli<br \/>\nN\u00f5upuu, Marko<br \/>\nRahu, Heiko<br \/>\nS\u00e4de, Valner<br \/>\nTeras, Piret<br \/>\nT\u00f5nurist, Marko<br \/>\nVister, Helery<\/p>\n<p><strong>Lend 72, 1999<\/strong><\/p>\n<p>Elmers, Meelis<br \/>\nJairus, Teele<br \/>\nKaasik, Ats<br \/>\nKaasik, Raily<br \/>\nKallas, Mihkel<br \/>\nKesk\u00fcla, Raiko<br \/>\nPalm, Airike<br \/>\nRing, Merili<br \/>\nViikmann, Marika<br \/>\nViikmann, Reelika<\/p>\n<p><strong>Lend 73, 2000<\/strong><\/p>\n<p>Jairus, Tanel<br \/>\nLeetmaa, Kristjan<br \/>\nLepmaa, Janek<br \/>\nM\u00e4nnilaan, Siim<br \/>\nNelis, Raido<br \/>\nNikitin, Vassili<br \/>\nS\u00e4de, Valli<br \/>\nTee, Martin<\/p>\n<p><strong>Lend 74, 2001\u00a0\u00a0<em>Algas \u00fcleminek 6. klassiliseks kooliks, l\u00f5petas ka 6. klass<\/em><\/strong><\/p>\n<p>Baarth, Kristi<br \/>\nKaasik, Annika<br \/>\nKallas, Madli<br \/>\nKontratjuk, Marlen<br \/>\nKotova, Helina<br \/>\nLuik, Raido<br \/>\nRing, Merike<\/p>\n<p><strong>\u00a06. klassi l\u00f5petajad<\/strong><\/p>\n<p>Jerve, Janari<br \/>\nJerve, Olari<br \/>\nLehtmets, Jaana<br \/>\nLuik, Nele<br \/>\nTein, Priit<br \/>\nTreinberg, Margus<\/p>\n<p><strong>Lend 75, 2002<\/strong><\/p>\n<p>Baarth, Kaili<br \/>\nJ\u00f5ulu, Mirko<br \/>\nKesk\u00fcla, Ragne<br \/>\nKohava, Priidu<br \/>\nPalm, Anneli<br \/>\nPulk, Evelyn<br \/>\nSaluste, Marek<br \/>\nTee, Mati<br \/>\nViikman, Ave<\/p>\n<p><strong>6. klassi l\u00f5petajad<\/strong><\/p>\n<p>Luik, Elen<br \/>\nNelis, Rommi<br \/>\nVaino, Merje<\/p>\n<p><strong>Lend 76, 2003<\/strong><\/p>\n<p>J\u00f5ulu, Marilin<br \/>\nKaasik, Roland<br \/>\nKallas, Madis<br \/>\nLehtmets, Meelis<br \/>\nNelis, Lyana<br \/>\nSalmisto, Eiko<br \/>\nTeras, Pille-Riin<br \/>\nVaino, Maris<\/p>\n<p><strong>6. klassi l\u00f5petajad<\/strong><\/p>\n<p>Heinsoo,Ave<br \/>\nKontratjuk, Marko<br \/>\nTreinberg, Margit<\/p>\n<p><strong>Lend 77, 2004<\/strong><\/p>\n<p>Metsa\u00e4\u00e4r, Veiko<br \/>\nPalm, Annike<br \/>\nTee, Ester<br \/>\nViikman, Maris<\/p>\n<p><strong>Lend 78, 2005<\/strong><\/p>\n<p>Laurim\u00e4e, Gert<br \/>\nLootm\u00e4e, Rainer<br \/>\nLuik, Lauri<br \/>\nP\u00f5hako, Maria<br \/>\nRohi, Liis<br \/>\nValk, Merike<\/p>\n<p><strong>Lend 79, 2006<\/strong><\/p>\n<p>Baarth, Jaana<br \/>\nLaurim\u00e4e, Geili<br \/>\nLehtmets, Madis<br \/>\nLobjakas, Laura<\/p>\n<p><strong>Lend 80, 2007<\/strong><\/p>\n<p>Laurits, Helle<br \/>\nLobjakas, Mirko<br \/>\nP\u00f5hako, Eha<\/p>\n","protected":false},"excerpt":{"rendered":"<p>Lend 71, 1998 Alberg, Rando Bergmann, Illimar Jairus, Triinu Kannel, Katrin Kukk, Kadri Lepmaa, Mirjam M\u00e4nnilaan, Eemeli N\u00f5upuu, Marko Rahu, Heiko S\u00e4de, Valner Teras, Piret T\u00f5nurist, Marko Vister, Helery Lend 72, 1999 Elmers, Meelis Jairus, Teele Kaasik, Ats Kaasik, Raily Kallas, Mihkel Kesk\u00fcla, Raiko Palm, Airike Ring, Merili Viikmann, Marika Viikmann, Reelika Lend 73, 2000 &hellip; <\/p>\n<p class=\"link-more\"><a href=\"https:\/\/vatlakool.ee\/?page_id=177\" class=\"more-link\">Continue reading<span class=\"screen-reader-text\"> &#8220;Lennud 71-80, 1998-2007&#8221;<\/span><\/a><\/p>\n","protected":false},"author":2,"featured_media":0,"parent":0,"menu_order":0,"comment_status":"closed","ping_status":"closed","template":"","meta":{"footnotes":""},"class_list":["post-177","page","type-page","status-publish","hentry"],"_links":{"self":[{"href":"https:\/\/vatlakool.ee\/index.php?rest_route=\/wp\/v2\/pages\/177","targetHints":{"allow":["GET"]}}],"collection":[{"href":"https:\/\/vatlakool.ee\/index.php?rest_route=\/wp\/v2\/pages"}],"about":[{"href":"https:\/\/vatlakool.ee\/index.php?rest_route=\/wp\/v2\/types\/page"}],"author":[{"embeddable":true,"href":"https:\/\/vatlakool.ee\/index.php?rest_route=\/wp\/v2\/users\/2"}],"replies":[{"embeddable":true,"href":"https:\/\/vatlakool.ee\/index.php?rest_route=%2Fwp%2Fv2%2Fcomments&post=177"}],"version-history":[{"count":3,"href":"https:\/\/vatlakool.ee\/index.php?rest_route=\/wp\/v2\/pages\/177\/revisions"}],"predecessor-version":[{"id":196,"href":"https:\/\/vatlakool.ee\/index.php?rest_route=\/wp\/v2\/pages\/177\/revisions\/196"}],"wp:attachment":[{"href":"https:\/\/vatlakool.ee\/index.php?rest_route=%2Fwp%2Fv2%2Fmedia&parent=177"}],"curies":[{"name":"wp","href":"https:\/\/api.w.org\/{rel}","templated":true}]}}